are the prime factors of 261313862?
2, 389, 335879
List the prime factors of 206914419.
3, 197, 12967
List the prime factors of 1458196.
2, 107, 3407
List the prime factors of 807684320.
2, 5, 1009, 5003
What are the prime factors of 161625545?
5, 17, 283, 6719
List the prime factors of 491999485.
5, 98399897
List the prime factors of 1034131899.
3, 5443, 63331
What are the prime factors of 30518455?
5, 11, 733, 757
What are the prime factors of 1722319313?
11, 13, 12044191
What are the prime factors of 17085323?
17, 1005019
List the prime factors of 9878617.
7, 53, 26627
List the prime factors of 479658754.
2, 41, 5849497
What are the prime factors of 334835536?
2, 7, 17, 175859
List the prime factors of 728200474.
2, 17, 127, 168643
What are the prime factors of 226233538?
2, 8039, 14071
What are the prime factors of 44231600?
2, 5, 7, 15797
List the prime factors of 7638931.
19, 402049
List the prime factors of 296286205.
5, 2999, 19759
List the prime factors of 2869992955.
5, 17, 33764623
List the prime factors of 29481764.
2, 13, 211, 2687
What are the prime factors of 3004734741?
3, 1001578247
List the prime factors of 2923826695.
5, 1741, 335879
What are the prime factors of 9046484?
2, 2261621
What are the prime factors of 21182875?
5, 7, 43, 563
What are the prime factors of 275985089?
17, 19, 854443
List the prime factors of 630141454.
2, 315070727
List the prime factors of 151630709.
73, 2077133
What are the prime factors of 84471333?
3, 37, 761003
What are the prime factors of 10026306?
2, 3, 557017
What are the prime factors of 22924935?
3, 5, 11, 29, 1597
What are the prime factors of 4286844270?
2, 3, 5, 17, 933953
List the prime factors of 876302913.
3, 179, 1093, 1493
What are the prime factors of 16131213?
3, 7, 107, 2393
What are the prime factors of 368331682?
2, 19, 9692939
What are the prime factors of 39983124?
2, 3, 3331927
List the prime factors of 44304673.
7, 31, 29167
List the prime factors of 72514123.
11, 29, 53, 4289
List the prime factors of 24790550.
2, 5, 23, 21557
List the prime factors of 41481435.
3, 5, 2765429
List the prime factors of 1899693.
3, 47, 499
List the prime factors of 263430534.
2, 3, 103, 401, 1063
List the prime factors of 236035344.
2, 3, 17, 139, 2081
List the prime factors of 23169908.
2, 73, 79349
List the prime factors of 1206509129.
7, 47, 3667201
List the prime factors of 16781115.
3, 5, 13, 47, 1831
List the prime factors of 5932294845.
3, 5, 757, 522439
List the prime factors of 502593418.
2, 79, 3180971
List the prime factors of 2132129123.
89, 2683, 8929
List the prime factors of 16295251.
7, 79, 373
What are the prime factors of 6559263045?
3, 5, 145761401
What are the prime factors of 1390211141?
11, 139, 487, 1867
List the prime factors of 1037282070.
2, 3, 5, 11, 1489, 2111
List the prime factors of 5784606604.
2, 7, 67, 440497
List the prime factors of 5086916236.
2, 16427, 77417
What are the prime factors of 73781574?
2, 3, 61, 201589
List the prime factors of 302461822.
2, 13, 23, 29, 107, 163
List the prime factors of 1351452497.
2131, 634187
What are the prime factors of 336721841?
5281, 63761
List the prime factors of 838338675.
3, 5, 11177849
What are the prime factors of 511333340?
2, 5, 7, 37, 98713
List the prime factors of 71600952.
2, 3, 2983373
What are the prime factors of 125587394?
2, 4007, 15671
List the prime factors of 659305948.
2, 7, 23, 89, 11503
What are the prime factors of 516294832?
2, 31, 311, 3347
What are the prime factors of 8652645278?
2, 17, 1193, 213319
What are the prime factors of 1491136569?
3, 13, 12744757
List the prime factors of 2291380731.
3, 443, 63857
What are the prime factors of 3051575810?
2, 5, 305157581
What are the prime factors of 3263658817?
3263658817
What are the prime factors of 73703755?
5, 17, 19, 47, 971
What are the prime factors of 711883075?
5, 17, 277, 6047
List the prime factors of 4555940058.
2, 3, 17, 263, 56611
List the prime factors of 34571079.
3, 61, 62971
List the prime factors of 1198429491.
3, 7, 57068071
What are the prime factors of 3708187154?
2, 7, 251, 1055261
What are the prime factors of 22163278?
2, 127, 87257
List the prime factors of 920957398.
2, 19, 23, 1053727
List the prime factors of 26870913.
3, 995219
What are the prime factors of 652695554?
2, 7, 367, 127033
List the prime factors of 328045481.
17, 23, 838991
What are the prime factors of 275282802?
2, 3, 17, 899617
List the prime factors of 545915240.
2, 5, 13, 1049837
List the prime factors of 272198360.
2, 5, 7, 972137
List the prime factors of 639038225.
5, 7, 53, 68899
List the prime factors of 441836487.
3, 49092943
List the prime factors of 28874597.
28874597
List the prime factors of 355124202.
2, 3, 59187367
List the prime factors of 14907427.
23, 593, 1093
List the prime factors of 1048845598.
2, 89, 5892391
What are the prime factors of 43791549?
3, 14597183
What are the prime factors of 1742021582?
2, 7, 137, 908249
List the prime factors of 5671967187.
3, 23, 79, 397, 2621
What are the prime factors of 122534210?
2, 5, 101, 121321
List the prime factors of 9428197.
9428197
List the prime factors of 98725282.
2, 49362641
List the prime factors of 233974394.
2, 71, 1647707
What are the prime factors of 2105672384?
2, 32901131
What are the prime factors of 1419430323?
3, 73, 6481417
List the prime factors of 3047998783.
53, 57509411
What are the prime factors of 75606729?
3, 11, 208283
List the prime factors of 6451777785.
3, 5, 430118519
What are the prime factors of 620400569?
620400569
List the prime factors of 752074.
2, 523, 719
List the prime factors of 1795290113.
1795290113
What are the prime factors of 622796130?
2, 3, 5, 11, 439, 1433
What are the prime factors of 4072950476?
2, 7, 487, 298691
What are the prime factors of 518407701?
3, 7, 3526583
What are the prime factors of 52252953?
3, 17417651
What are the prime factors of 2198746445?
5, 7, 587, 107021
List the prime factors of 19850702.
2, 23, 439, 983
What are the prime factors of 1449880006?
2, 19, 127, 300431
What are the prime factors of 353021000?
2, 5, 353021
What are the prime factors of 1271459544?
2, 3, 31, 1708951
What are the prime factors of 650761083?
3, 7, 31, 53, 6287
What are the prime factors of 782857235?
5, 151, 797, 1301
List the prime factors of 112017626.
2, 7, 283, 577
What are the prime factors of 5363431220?
2, 5, 7, 307, 17827
What are the prime factors of 7495248956?
2, 13, 144139403
List the prime factors of 317698850.
2, 5, 7, 31, 47, 89
What are the prime factors of 2937815507?
11, 23, 29, 89, 409
What are the prime factors of 2184321255?
3, 5, 145621417
List the prime factors of 3002106911.
3002106911
List the prime factors of 52157569.
3433, 15193
What are the prime factors of 81068995?
5, 7, 67, 181, 191
What are the prime factors of 80590049?
31, 2599679
List the prime factors of 134642111.
97, 1388063
What are the prime factors of 1097877444?
2, 3, 91489787
List the prime factors of 368034868.
2, 23, 4000379
What are the prime factors of 69417487?
69417487
List the prime factors of 377034532.
2, 7, 13465519
List the prime factors of 69638065.
5, 7, 284237
List the prime factors of 156629255.
5, 19, 181, 9109
List the prime factors of 30916840.
2, 5, 772921
List the prime factors of 203699538.
2, 3, 7, 29, 107, 521
What are the prime factors of 239453941?
19, 283, 44533
List the prime factors of 2534961.
3, 11, 13, 19, 311
List the prime factors of 1386900791.
101, 149, 157, 587
List the prime factors of 129796506.
2, 3, 7, 38153
What are the prime factors of 1866907375?
5, 151, 98909
What are the prime factors of 173246173?
37, 227, 20627
List the prime factors of 113692697.
5351, 21247
What are the prime factors of 260532820?
2, 5, 17, 766273
List the prime factors of 3497529877.
3497529877
What are the prime factors of 2071097746?
2, 73, 14185601
What are the prime factors of 415257435?
3, 5, 1025327
List the prime factors of 762230408.
2, 139, 685459
What are the prime factors of 115847163?
3, 17, 757171
What are the prime factors of 6415983?
3, 7, 83, 409
What are the prime factors of 1673111278?
2, 107, 641, 12197
List the prime factors of 1147754.
2, 41, 13997
What are the prime factors of 30589896?
2, 3, 29, 43951
Wha